What is the remainder when 3803957 is divided by 233?
232
Calculate the remainder when 25201 is divided by 25191.
10
Calculate the remainder when 19583 is divided by 288.
287
Calculate the remainder when 34907 is divided by 63.
5
What is the remainder when 1473 is divided by 101?
59
Calculate the remainder when 4848 is divided by 485.
483
Calculate the remainder when 23561 is divided by 637.
629
What is the remainder when 29094 is divided by 519?
30
What is the remainder when 56702 is divided by 14125?
202
What is the remainder when 130336 is divided by 78?
76
Calculate the remainder when 529 is divided by 98.
39
Calculate the remainder when 1202 is divided by 208.
162
Calculate the remainder when 93409 is divided by 93.
37
Calculate the remainder when 7611 is divided by 253.
21
Calculate the remainder when 148475 is divided by 11420.
15
What is the remainder when 3982387 is divided by 199?
198
Calculate the remainder when 2303 is divided by 71.
31
What is the remainder when 7668 is divided by 307?
300
What is the remainder when 7927 is divided by 7923?
4
Calculate the remainder when 9237 is divided by 772.
745
Calculate the remainder when 190985 is divided by 23.
16
What is the remainder when 28857 is divided by 138?
15
Calculate the remainder when 3137 is divided by 101.
6
What is the remainder when 740526 is divided by 408?
6
Calculate the remainder when 1582 is divided by 521.
19
What is the remainder when 22624 is divided by 595?
14
What is the remainder when 7567 is divided by 181?
146
What is the remainder when 1322 is divided by 362?
236
What is the remainder when 301873 is divided by 326?
323
Calculate the remainder when 1094 is divided by 99.
5
What is the remainder when 15503 is divided by 286?
59
Calculate the remainder when 579478 is divided by 88.
86
Calculate the remainder when 2035 is divided by 319.
121
Calculate the remainder when 44390 is divided by 435.
20
What is the remainder when 429 is divided by 54?
51
Calculate the remainder when 74458 is divided by 5.
3
Calculate the remainder when 55197 is divided by 48.
45
What is the remainder when 2212 is divided by 124?
104
What is the remainder when 55525 is divided by 11069?
180
What is the remainder when 11660 is divided by 152?
108
What is the remainder when 6386 is divided by 70?
16
Calculate the remainder when 4195 is divided by 2086.
23
Calculate the remainder when 24512 is divided by 103.
101
What is the remainder when 11495 is divided by 618?
371
Calculate the remainder when 2244 is divided by 313.
53
Calculate the remainder when 3224 is divided by 70.
4
Calculate the remainder when 7857 is divided by 38.
29
Calculate the remainder when 12518 is divided by 12469.
49
What is the remainder when 21915 is divided by 100?
15
Calculate the remainder when 86183 is divided by 183.
173
What is the remainder when 2382 is divided by 508?
350
Calculate the remainder when 413 is divided by 85.
73
What is the remainder when 54299 is divided by 18?
11
Calculate the remainder when 2368 is divided by 205.
113
What is the remainder when 1534 is divided by 1336?
198
What is the remainder when 7989 is divided by 94?
93
Calculate the remainder when 20975 is divided by 17.
14
What is the remainder when 382408 is divided by 200?
8
What is the remainder when 10945 is divided by 391?
388
Calculate the remainder when 91438 is divided by 13.
9
What is the remainder when 16963 is divided by 677?
38
What is the remainder when 167259 is divided by 914?
911
What is the remainder when 15461 is divided by 595?
586
Calculate the remainder when 105285 is divided by 1195.
125
Calculate the remainder when 41422 is divided by 941.
18
What is the remainder when 2602 is divided by 466?
272
Calculate the remainder when 39493 is divided by 91.
90
Calculate the remainder when 1445 is divided by 383.
296
What is the remainder when 3512 is divided by 1141?
89
What is the remainder when 2095 is divided by 10?
5
What is the remainder when 17930 is divided by 112?
10
What is the remainder when 458784 is divided by 30?
24
Calculate the remainder when 11759 is divided by 435.
14
Calculate the remainder when 11238 is divided by 118.
28
Calculate the remainder when 1446 is divided by 64.
38
Calculate the remainder when 6829 is divided by 710.
439
Calculate the remainder when 3049 is divided by 341.
321
Calculate the remainder when 5768 is divided by 407.
70
Calculate the remainder when 122027 is divided by 122027.
0
Calculate the remainder when 1062 is divided by 5.
2
Calculate the remainder when 8142 is divided by 4047.
48
What is the remainder when 4991 is divided by 766?
395
Calculate the remainder when 3450 is divided by 29.
28
What is the remainder when 14574 is divided by 45?
39
Calculate the remainder when 179234 is divided by 4.
2
What is the remainder when 41369 is divided by 431?
424
What is the remainder when 95435 is divided by 19?
17
Calculate the remainder when 43741 is divided by 417.
373
Calculate the remainder when 362743 is divided by 56.
31
What is the remainder when 24341 is divided by 1727?
163
Calculate the remainder when 106479 is divided by 1745.
34
What is the remainder when 26602 is divided by 5319?
7
Calculate the remainder when 9758 is divided by 69.
29
What is the remainder when 2074 is divided by 189?
184
Calculate the remainder when 219234 is divided by 24358.
12
What is the remainder when 29947 is divided by 428?
415
What is the remainder when 11569 is divided by 187?
162
What is the remainder when 23028 is divided by 2087?
71
Calculate the remainder when 1293 is divided by 115.
28
What is the remainder when 260691 is divided by 86845?
156
What is the remainder when 46276 is divided by 580?
456
Calculate the remainder when 3471 is divided by 374.
105
Calculate the remainder when 9370247 is divided by 19.
17
Calculate the remainder when 3002 is divided by 398.
216
What is the remainder when 7289 is divided by 7270?
19
Calculate the remainder when 346929 is divided by 838.
835
What is the remainder when 155864 is divided by 928?
888
Calculate the remainder when 248 is divided by 79.
11
Calculate the remainder when 2601 is divided by 242.
181
Calculate the remainder when 3415 is divided by 1516.
383
What is the remainder when 69723 is divided by 379?
366
What is the remainder when 2153 is divided by 57?
44
What is the remainder when 3024 is divided by 3021?
3
Calculate the remainder when 7657 is divided by 1811.
413
What is the remainder when 253575 is divided by 411?
399
What is the remainder when 3595 is divided by 1796?
3
Calculate the remainder when 1175 is divided by 135.
95
Calculate the remainder when 2793193 is divided by 196.
193
Calculate the remainder when 3187 is divided by 178.
161
Calculate the remainder when 1751 is divided by 131.
48
Calculate the remainder when 1989 is divided by 951.
87
Calculate the remainder when 16962 is divided by 141.
42
What is the remainder when 11266 is divided by 289?
284
Calculate the remainder when 310878 is divided by 1290.
1278
What is the remainder when 610898 is divided by 59?
12
Calculate the remainder when 7985 is divided by 3905.
175
Calculate the remainder when 14051 is divided by 139.
12
What is the remainder when 2068 is divided by 2045?
23
Calculate the remainder when 37243 is divided by 7.
3
What is the remainder when 7791 is divided by 649?
3
Calculate the remainder when 4585 is divided by 1145.
5
What is the remainder when 1456 is divided by 468?
52
What is the remainder when 5809 is divided by 1449?
13
Calculate the remainder when 150535 is divided by 315.
280
What is the remainder when 1970 is divided by 1963?
7
Calculate the remainder when 1284 is divided by 20.
4
What is the remainder when 7422 is divided by 1841?
58
What is the remainder when 746 is divided by 192?
170
What is the remainder when 966 is divided by 272?
150
Calculate the remainder when 44300 is divided by 13.
9
Calculate the remainder when 1562 is divided by 720.
122
What is the remainder when 1228214 is divided by 139?
10
Calculate the remainder when 1595636 is divided by 29.
27
Calculate the remainder when 2373 is divided by 888.
597
Calculate the remainder when 2957549 is divided by 137.
130
Calculate the remainder when 1068 is divided by 360.
348
What is 